nd c.
3
Let a = 557 - 277. Let l be (a/50)/((-4)/(-10)). Suppose 7*y = y + 252. Calculate the highest common divisor of l and y.
14
Suppose 6 = o - 10. Suppose -s + 76 + 117 = 4*y, -4*y = o. Let c = -70 - -89. What is the highest common divisor of s and c?
19
Let m be 16/(-5)*(-41 + -79). Calculate the highest common divisor of 512 and m.
128
Suppose -168 = 8*a - 272. What is the highest common divisor of a and 26?
13
Let h(i) = -2*i**3 - 2*i**2 - 4*i - 2. Let b be h(-2). Let s = b - 3. What is the greatest common divisor of 99 and s?
11
Let t = 265 - 146. Suppose 2*w - 39 = -4*x + 25, 0 = -2*x - 5*w + 24. Calculate the highest common factor of x and t.
17
Suppose -21 = -3*o + 5*r + 55, 0 = -3*o + 2*r + 79. Suppose 5*f - 50 = -5*g, f + 42 = 5*g - 2*f. Calculate the highest common divisor of o and g.
9
Let g = 8 + -7. Let d be g/(-4) + 13/4. Let i be d/(9/(-12)) + 18. Calculate the highest common divisor of 21 and i.
7
Let x(n) = 0*n**2 + 0 + n**2 - n**3 + 7 - 6. Let y be x(2). Let o be (-3)/y*(0 + 4). What is the greatest common divisor of o and 16?
4
Let l be (-5 - -2)/(-3*10/170). What is the highest common factor of l and 187?
17
Let h = -17 - -23. Suppose -o - 3*b = -h*o + 60, -o - 2*b = -12. What is the highest common factor of 132 and o?
12
Let s(y) = 9*y - 9. Let v(p) = -9*p + 9. Let o(r) = 6*s(r) + 5*v(r). Let l be o(10). Let w = l - 45. What is the highest common factor of 18 and w?
18
Let z(c) = 7 + 11*c**3 + 5*c**2 - 12*c**3 + 4*c**2 + 2*c. Let d be z(9). Let j be -16*-1*25/2. Calculate the greatest common factor of j and d.
25
Let j be 151/8 + 17/136. Let x be 39 + 1 - (-19 + j). What is the greatest common factor of x and 80?
40
Let b be (-2)/4*(2 + 2). Let g be ((-35)/b)/(-7)*-6. Suppose 0 = -3*a - g, -j + 0*a = 2*a - 102. What is the highest common factor of j and 14?
14
Let i = 9 - -29. Suppose -5*h + 2*t + 215 = 4*t, -4*h + 185 = -t. Let o = h + -26. Calculate the greatest common factor of o and i.
19
Suppose 4*m = 43 + 5. Suppose -3*k = -5*k + m. Let d = -1 + k. Calculate the highest common divisor of d and 5.
5
Suppose 5*c = -4*v - 5, 0 = -3*v - 0*c + 5*c + 40. Suppose v*g + 4*x - 408 = 0, 4*g + 3*x - 166 = 2*g. Calculate the highest common divisor of g and 10.
10
Let a be (-21)/(-14) + (9/(-6) - 2). Let c(v) = -10*v - 1. Let o be c(-1). Let l = o + a. Calculate the highest common factor of 35 and l.
7
Let t(m) = -m**2 + 11*m + 302. Let b be t(23). Let z be 232 + 0 + (1 - -1). Calculate the highest common factor of z and b.
26
Let i = 9 + -6. Suppose 0 = -4*b, -120 - 336 = -i*t + 3*b. Let j be 0 + 0 + 17 + 2. What is the greatest common factor of j and t?
19
Suppose -5*g - 4*t = -13377, 65*g - 63*g - 2*t = 5340. Calculate the highest common factor of 9 and g.
9
Suppose -a = -2*c + c - 1, -a + 1 = -4*c. Suppose 0 = -31*k - 79 + 358. Calculate the greatest common factor of k and a.
1
Let p(o) = 7*o - 16 + 8*o + 9. Let y be p(-5). Let z = y - -118. Calculate the greatest common divisor of z and 4.
4
Suppose 3*s - 6 = -a, -a = -4*s + 15 - 49. What is the highest common factor of 90 and a?
18
Let j(g) = -12*g + 97. Let z be j(6). Calculate the highest common divisor of z and 125.
25
Let l = -14 + 30. Suppose -b + 2 = 0, o - 3*o + 24 = -4*b. What is the greatest common factor of o and l?
16
Suppose 5*m + 13 = 3*f + 41, -2*f - 24 = -4*m. Let l(p) = 11*p + 2 - 6*p - 5*p - 3*p. Let c be l(-2). Calculate the greatest common factor of c and m.
8
Let r = 1361 - 1351. Suppose 0*p + 26 = 2*p. Suppose -17 - p = -3*v. What is the greatest common factor of r and v?
10
Let a(u) = -8*u + 5. Let v be a(-3). Suppose -y - 4*r - 54 = -21, y + 2*r + 23 = 0. Let w = y + v. Calculate the greatest common divisor of w and 4.
4
Suppose 5 + 5 = 2*d. Suppose 16 + 19 = d*y. Suppose -2*o - 18 = -4*r, r - o - y = 2*o. Calculate the highest common divisor of 2 and r.
2
Suppose 11*a + 6256 = 27*a. What is the highest common divisor of a and 17?
17
Let v(z) = -5*z**3 - 4*z**2 - 5*z - 6. Let u be v(-3). Suppose 3*n = 6*n - u. Let f be ((-6)/(-4))/((-3)/(-18)). What is the highest common divisor of f and n?
9
Suppose 12 = -3*j + 6*j. Suppose -k = q - 16, k + 4*q - 21 = 8*q. Let z = 11 + k. Calculate the highest common factor of j and z.
4
Let l = 331 - 324. What is the greatest common factor of 371 and l?
7
Let a(y) = 237*y + 506. Let r be a(-2). Let f = 8 + 0. Calculate the highest common factor of f and r.
8
Suppose 13*l = -793 + 2509. What is the highest common factor of l and 48?
12
Suppose 84*n + 1750 = 91*n. Calculate the highest common divisor of n and 10.
10
Let y be 1/(20/505) + 5/(-4). What is the highest common divisor of 18 and y?
6
Let u be (-27906)/(-45) + 1 - (-12)/(-90). Calculate the highest common factor of 27 and u.
27
Let j = 1648 + 146. Calculate the greatest common factor of 156 and j.
78
Suppose 4*k = 4*v + 7*k - 513, -3*v + 391 = -4*k. What is the greatest common divisor of v and 430?
43
Let c = 63 - 60. Suppose -c*y = 7 - 43. Calculate the greatest common factor of 24 and y.
12
Suppose 0 = 4*i - 22 - 14. Calculate the greatest common factor of i and 21.
3
Let u be (-1)/(-2)*(4 - (-3 - -3)). Suppose -70 = -2*p - u*i, 3*p = -5*i + 67 + 42. Calculate the greatest common divisor of 3 and p.
3
Suppose -3*w - 3 = 0, 3*w + 6 + 1 = -2*m. Suppose 21 + 3 = 4*q. Let h be (m/q)/(6/(-108)). What is the greatest common divisor of 48 and h?
6
Let q be 12/8*8/6 + 2. What is the highest common divisor of q and 44?
4
Suppose 0 = 32*u - 37*u, 2*r - 116 = -4*u. What is the greatest common divisor of r and 493?
29
Let v(r) be the third derivative of r**4/12 - 8*r**2. Let x be v(3). What is the greatest common divisor of 18 and x?
6
Let r be (15/(-63)*-12)/(1/7). Let j(i) = -4*i + 2. Let o be j(-7). Calculate the highest common divisor of o and r.
10
Suppose -50 = -x + 39. Let g = 278 - x. Suppose -67*t = -69*t + 54. What is the highest common divisor of t and g?
27
Suppose 0 = -0*k - 5*k + 60. Suppose 0 = k*j - 7*j - 110. Calculate the greatest common factor of j and 44.
22
Let k(x) = x**3 - x**2 + x + 59. Let t be k(0). Let i = 104 - t. What is the highest common factor of 30 and i?
15
Let d(a) = -a**2 + 7*a - 2. Let c be d(6). Suppose -4*s + 0 = c*b - 28, s + 13 = b. Let m be 15 - (2 + b)/3. Calculate the greatest common factor of 11 and m.
11
Let y = 65 + -63. Let s(p) = 6*p**3 + p**2 - 3*p + 4. Let g be s(y). Let i be (25/3)/((-1)/(-15)). What is the highest common factor of g and i?
25
Let m(o) = -48*o + 9. Let r be m(2). Let g = r - -195. What is the greatest common factor of 12 and g?
12
Suppose -465 - 257 = -38*j. What is the greatest common factor of 1 and j?
1
Let h be (-4)/(4/13)*65/(-5). What is the highest common divisor of h and 26?
13
Let v be -3 - 12*(1 - 3 - -1). Let s(i) = 15 - 15 + 4*i**2. Let c be s(-3). What is the greatest common divisor of v and c?
9
Let y be (2 - -70)*((-16)/(-4))/8. Let g = -8 + y. Calculate the highest common divisor of 70 and g.
14
Let j = -2526 - -2686. Let x = -15 - -25. What is the greatest common divisor of x and j?
10
Suppose -o = -22 - 6. Let d = o + -22. Suppose -20 = -d*c + 34. What is the highest common divisor of 99 and c?
9
Let i(k) = 7*k**2 - 8*k + 8 + k - 2*k**2. Let c be i(3). Calculate the greatest common divisor of c and 48.
16
Suppose 5*q - 3*q = 5*u - 588, 0 = -2*q - 8. Let t = 121 - u. What is the highest common factor of t and 1?
1
Let i = 2 - -1. Let p(b) = b**3 + 9*b**2 - 12*b + 4. Let c be p(-10). What is the highest common factor of c and i?
3
Let n(m) = -m**3 - 4*m**2 - 6*m - 6. Let v be n(-3). Suppose -v - 53 = c - 2*t, 5*t = -c - 49. Let r = c - -102. What is the highest common divisor of 12 and r?
12
Suppose -3*x - 18 = -45. Let k be 29*(-3)/x*(5 + -8). Calculate the highest common divisor of k and 29.
29
Let j(f) = 2*f + 6. Let g be j(8). Suppose -w + 0*w = 0, a - g = -5*w. Let t = 92 - 81. Calculate the highest common factor of a and t.
11
Let n be 32*(29/4 + -2). Suppose -7*r + 35 + n = 0. What is the highest common divisor of r and 58?
29
Let i(m) = m**2 - 16*m + 35. Let l be i(20). Calculate the highest common factor of 25 and l.
5
Let p(q) = -2*q**3 - 5*q**2 + 16*q + 4. Let b be p(-7). Calculate the greatest common divisor of b and 54.
9
Let t = 5 - -14. Suppose 0 = 3*x + t - 7